001220100 (base 3) in base 9?
2361810
What is 36036 (base 9) in base 8?
57032
584b73 (base 15) to base 10
4217958
1a511c2 (base 13) to base 16
84860c
What is 111522 (base 8) in base 9?
56654
Convert -165364 (base 7) to base 10.
-33121
Convert 135230415 (base 6) to base 13.
760b1a
113304304 (base 5) to base 13
1552c2
Convert b49a3 (base 12) to base 15.
4a0bc
25545124 (base 6) to base 5
203311343
-10000000100100101 (base 2) to base 3
-10100022010
What is 40067 (base 14) in base 3?
21210220122
Convert -238a9 (base 11) to base 16.
-863a
What is 100000010011101000 (base 2) in base 4?
200103220
22208 (base 15) to base 6
2154042
Convert 301132220 (base 4) to base 12.
99348
Convert -100020212 (base 4) to base 3.
-10100122122
Convert -73144d (base 14) to base 5.
-1443233423
-10001011100010010111 (base 2) to base 14
-10c407
What is -78859 (base 11) in base 13?
-3cc71
What is -33553442 (base 6) in base 14?
-1c9c66
What is -1313000 (base 10) in base 14?
-2626da
-1045314 (base 7) to base 2
-11111100001100110
Convert -21102432 (base 8) to base 6.
-240125242
What is -652053 (base 7) in base 15?
-239b6
Convert -4c227 (base 16) to base 4.
-1030020213
-47a1094 (base 11) to base 3
-120201210202011
What is -1110111001001111 (base 2) in base 5?
-3423012
Convert -4052415 (base 8) to base 15.
-162219
Convert 2218b65 (base 12) to base 10.
6505853
101121102112011 (base 3) to base 12
1a7a6b7
What is 110401224 (base 5) in base 2?
1110101100010011111
What is -23045673 (base 9) in base 4?
-222230012232
Convert -124a79 (base 16) to base 7.
-13121535
67398 (base 15) to base 5
41000233
Convert -1000010110001100 (base 2) to base 14.
-c660
What is -3466412 (base 12) in base 13?
-2123024
-6276180 (base 9) to base 12
-115a9a6
Convert 86b2b6 (base 12) to base 3.
11000102222210
Convert 11233120123 (base 4) to base 14.
2b2575
2123774 (base 10) to base 6
113304142
What is -102312242 (base 5) in base 8?
-1514105
What is 1011110111101110000 (base 2) in base 8?
1367560
What is a5b59 (base 14) in base 15?
7d845
What is -2241324340 (base 5) in base 6?
-255424233
213052254 (base 6) to base 12
132708a
What is 10120010130 (base 4) in base 2?
100011000000100011100
What is -7a4ad7 (base 14) in base 11?
-2393015
What is 15425343 (base 7) in base 3?
2210111000100
What is -484274 (base 12) in base 6?
-41013424
What is -403041233 (base 5) in base 16?
-189924
What is -101010010111000001101 (base 2) in base 6?
-45430045
Convert -228b5b (base 12) to base 11.
-349766
Convert 3113313001 (base 4) to base 16.
d7dc1
What is -a47a6 (base 11) in base 6?
-3134533
What is -1010302330 (base 4) in base 7?
-2252353
Convert 55544 (base 10) to base 6.
1105052
-1570223 (base 8) to base 14
-bba5d
Convert 12210011 (base 3) to base 6.
31304
-1230130101 (base 4) to base 2
-1101100011100010001
-333310 (base 8) to base 14
-2cd16
What is 4681b (base 13) in base 4?
133130202
What is -4030203 (base 6) in base 12?
-92363
Convert -18b42 (base 15) to base 14.
-212dc
-611423 (base 7) to base 9
-167342
What is -300030300 (base 5) in base 2?
-100011110100101000001
What is 30130211230 (base 4) in base 2?
1100011100100101101100
What is -12250320 (base 7) in base 2?
-100001101101011101101
Convert -44134a (base 12) to base 3.
-2000220011011
Convert 1023210240 (base 5) to base 16.
2101fb
Convert -30312212 (base 4) to base 6.
-1043422
Convert 12022222022 (base 3) to base 13.
38a08
What is -1514015 (base 7) in base 9?
-342758
Convert 11158734 (base 9) to base 13.
11768a1
What is -194cb23 (base 14) in base 4?
-233322012023
-16500 (base 14) to base 2
-1101101000110100
Convert -1692c9 (base 13) to base 7.
-4533132
Convert -12055156 (base 8) to base 12.
-a76526
-31003103113 (base 4) to base 13
-92a3c7
What is -34213412 (base 5) in base 3?
-120110022212
31460 (base 8) to base 5
404404
Convert 223105 (base 10) to base 16.
36781
Convert -9780 (base 15) to base 3.
-1121222210
Convert -3031114 (base 6) to base 10.
-144118
What is -94b58 (base 13) in base 16?
-415f9
Convert -1246266 (base 7) to base 14.
-435dd
What is -3a359 (base 11) in base 10?
-57660
-59ebc8 (base 16) to base 2
-10110011110101111001000
What is -1172 (base 14) in base 10?
-3040
-631201 (base 7) to base 15
-22227
e2df (base 16) to base 5
3324304
-11001001101000000 (base 2) to base 6
-2113532
91091 (base 10) to base 14
252a7
Convert -3546331 (base 7) to base 6.
-13341501
351231050 (base 6) to base 7
106201431
-9ca552 (base 16) to base 10
-10265938
-10203330232 (base 4) to base 15
-1894b7
What is -315242 (base 8) in base 12?
-50a02
What is 4221110 (base 5) in base 16?
1120b
Convert -178b43 (base 13) to base 14.
-1153b8
Convert ba091 (base 15) to base 2.
10010000001110101001
What is -1115245 (base 6) in base 16?
-de4d
What is 155250123 (base 6) in base 7?
40226016
What is -2cfd53 (base 16) in base 4?
-23033311103
What is b8355 (base 13) in base 5?
41113244
1101222011012 (base 3) to base 13
202217
1d0a5b (base 15) to base 10
1419836
Convert -101111001101001010110001 (base 2) to base 7.
-210116600
Convert -431443 (base 7) to base 3.
-10210212211
Convert -10011110010001000001100 (base 2) to base 16.
-4f220c
Convert 22175067 (base 8) to base 10.
4782647
What is 121331020320 (base 4) in base 3?
110210200100220
What is 237734 (base 11) in base 8?
1336642
902326 (base 10) to base 15
12c551
541600 (base 9) to base 8
1166220
2924749 (base 10) to base 12
b90691
20123112121 (base 4) to base 16
21b599
Convert 321426 (base 8) to base 12.
52106
What is 28204 (base 14) in base 9?
161040
Convert 184cec (base 15) to base 13.
3245c7
What is 669f0 (base 16) in base 4?
1212213300
What is -6654152 (base 8) in base 11?
-1014488
-260688 (base 12) to base 2
-10011000000111001000
-1321301 (base 6) to base 7
-422353
What is 22227366 (base 9) in base 8?
51042206
Convert 223302311 (base 4) to base 16.
2bcb5
-18b802a (base 14) to base 11
-6a25731
Convert 200013141 (base 5) to base 9.
1422087
What is -201212102200 (base 3) in base 6?
-12214243
-6012778 (base 9) to base 5
-1304303203
Convert -32206443 (base 7) to base 16.
-29d642
What is -309b2 (base 14) in base 9?
-187646
What is -21022022112 (base 3) in base 13?
-5061b
Convert -604032 (base 7) to base 14.
-29389
-8b70 (base 12) to base 4
-3302010
Convert -110420120 (base 5) to base 8.
-1656347
217178 (base 10) to base 11
139195
-116bbeb (base 15) to base 7
-211123256
1123200110 (base 4) to base 9
631118
What is -575154 (base 9) in base 13?
-c1015
10010001011100010 (base 2) to base 9
123130
Convert 54163652 (base 7) to base 6.
243012552
Convert 202020 (base 6) to base 4.
3321330
1372834 (base 13) to base 3
102120021021121
Convert -100001110010101100010 (base 2) to base 7.
-12261163
Convert 102120001021102 (base 3) to base 7.
103130531
Convert 1010010011101100111 (base 2) to base 13.
ba981
What is 384377 (base 10) in base 16?
5dd79
2201010200 (base 3) to base 5
3201231
11a516 (base 12) to base 2
1000110001101100010
Convert -130542345 (base 6) to base 13.
-6ba0c2
What is 100022222110 (base 3) in base 11?
116014
What is 2199b86 (base 14) in base 3?
1010001100012001
Convert 201344041 (base 5) to base 3.
1112010010000
Convert 1208305 (base 12) to base 9.
6521205
Convert -11384aa (base 13) to base 5.
-2324132202
104240 (base 10) to base 16
19730
515334 (base 8) to base 2
101001101011011100
-b91a2 (base 14) to base 9
-752004
What is -1033971 (base 11) in base 10?
-1820644
Convert 1188ab (base 14) to base 9.
1113827
21214423 (base 7) to base 8
6700137
-200010102122122 (base 3) to base 15
-ca4572
-16847156 (base 9) to base 15
-b263c6
What is -72262 (base 11) in base 14?
-2a60b
8453622 (base 10) to base 14
11a0aa2
Convert -24331013 (base 5) to base 12.
-b1219
Convert 22130203 (base 5) to base 13.
6984a
-1b49a (base 13) to base 5
-3203111
Convert -50b7076 (base 12) to base 9.
-31481540
What is 310935 (base 12) in base 5?
144043234
What is 3d2c71 (base 14) in base 2?
1000000101110001110011
What is 1c075d (base 16) in base 7?
21420242
35530364 (base 7) to base 16
3011e1
What is -4b7a21 (base 12) in base 3?
-2022211211021
514404355 (base 6) to base 3
121202000001022
10b4cb (base 13) to base 7
3240255
Convert 750b57 (base 15) to base 3.
101111001101201
Convert -22020463 (base 7) to base 13.
-511129
What is -1100021012 (base 3) in base 16?
-6746
What is -4338042 (base 9)